  {"id":2719,"date":"2022-01-12T02:08:28","date_gmt":"2022-01-12T02:08:28","guid":{"rendered":"https:\/\/yesca.st\/template1\/about\/"},"modified":"2022-01-12T03:12:41","modified_gmt":"2022-01-12T02:12:41","slug":"about","status":"publish","type":"page","link":"https:\/\/yesca.st\/radiotremolina\/about\/","title":{"rendered":"About"},"content":{"rendered":"<p align=\"left\"><span style=\"vertical-align: inherit\">Podemos decir que la historia de nuestra radio comenz\u00f3 hace aproximadamente unos 40 a\u00f1os, y que ahora, tomando el testigo de ese primer proyecto, ha cristalizado en otro tiempo y en otras circunstancias.<\/span><\/p>\n<p align=\"left\"><span style=\"vertical-align: inherit\">Nosotros somos dos hermanos, Jordi y Javier. En los a\u00f1os 80 empezamos a participar en una radio municipal, y all\u00ed descubrimos nuestra pasi\u00f3n por las ondas, por el poder transmitir y conectar con los oyentes que r\u00e1pidamente se fue convirtiendo en nuestra pasi\u00f3n.<\/span><\/p>\n<p align=\"left\"><span style=\"vertical-align: inherit\">Despu\u00e9s, al cerrar la emisora \u200b\u200by al encontrarnos en un pueblo peque\u00f1o, vimos como el poder transmitir y hablar por la radio se acab\u00f3 convirtiendo en tener que limitarnos a seguir escuchando otras emisoras. En resumidas cuentas, nos convertimos de locutores a oyentes.<\/span><\/p>\n<p align=\"left\"><span style=\"vertical-align: inherit\">A dia de hoy las nuevas tecnologias nos han abierto una puerta nueva a este medio. En la actualidad el poder hacer radio en una peque\u00f1a poblaci\u00f3n no supone ning\u00fan problema, lo \u00fanico esencial es tener una buena conexi\u00f3n, un ordenador y, lo m\u00e1s importante de todo, ganas y energ\u00eda -de esto \u00faltimo es de lo que menos nos hace falta -.<\/span><\/p>\n<p align=\"left\"><span style=\"vertical-align: inherit\">Radio Tremolina nace con la ilusi\u00f3n de conseguir formar una gran familia, amantes de este medio tan fant\u00e1stico, donde gracias a la m\u00fasica oa unas sencillas palabras se pueden llegar a transmitir grandes sentimientos.<\/span><\/p>\n<p align=\"left\"><span style=\"vertical-align: inherit\">En Radio Tremolina pod\u00e9is ser oyentes, pero tambi\u00e9n locutores; Puedes escuchar o hablar, puedes pedir canciones o ponerlas.<\/span><\/p>\n<p align=\"left\"><span style=\"vertical-align: inherit\">Somos una emisora \u200b\u200bsin \u00e1nimo de lucro, somos una emisora \u200b\u200bcon ganas de estar siempre a tu lado.<\/span><\/p>\n<p align=\"left\"><span style=\"vertical-align: inherit\">En resumidas cuentas, Radio Tremolina nace con el prop\u00f3sito de ser tu radio.<\/span><\/p>\n","protected":false},"excerpt":{"rendered":"<p>Podemos decir que la historia de nuestra radio comenz\u00f3 hace aproximadamente unos 40 a\u00f1os, y que ahora, tomando el testigo de ese primer proyecto, ha [&hellip;] <span class=\"read-more-link\"><a class=\"read-more\" href=\"https:\/\/yesca.st\/radiotremolina\/about\/\">Read More<\/a><\/span><\/p>\n","protected":false},"author":569,"featured_media":0,"parent":0,"menu_order":0,"comment_status":"closed","ping_status":"closed","template":"","meta":{"footnotes":""},"class_list":["post-2719","page","type-page","status-publish","hentry"],"_links":{"self":[{"href":"https:\/\/yesca.st\/radiotremolina\/wp-json\/wp\/v2\/pages\/2719","targetHints":{"allow":["GET"]}}],"collection":[{"href":"https:\/\/yesca.st\/radiotremolina\/wp-json\/wp\/v2\/pages"}],"about":[{"href":"https:\/\/yesca.st\/radiotremolina\/wp-json\/wp\/v2\/types\/page"}],"author":[{"embeddable":true,"href":"https:\/\/yesca.st\/radiotremolina\/wp-json\/wp\/v2\/users\/569"}],"replies":[{"embeddable":true,"href":"https:\/\/yesca.st\/radiotremolina\/wp-json\/wp\/v2\/comments?post=2719"}],"version-history":[{"count":0,"href":"https:\/\/yesca.st\/radiotremolina\/wp-json\/wp\/v2\/pages\/2719\/revisions"}],"wp:attachment":[{"href":"https:\/\/yesca.st\/radiotremolina\/wp-json\/wp\/v2\/media?parent=2719"}],"curies":[{"name":"wp","href":"https:\/\/api.w.org\/{rel}","templated":true}]}}