  {"id":2718,"date":"2023-06-12T12:22:35","date_gmt":"2023-06-12T12:22:35","guid":{"rendered":"https:\/\/yesca.st\/template1\/contact-us-2\/"},"modified":"2023-06-13T22:09:38","modified_gmt":"2023-06-13T22:09:38","slug":"contact-us","status":"publish","type":"page","link":"https:\/\/yesca.st\/albradio\/contact-us\/","title":{"rendered":"Contact Us"},"content":{"rendered":"<div id=\"i71uhle2_0\" class=\"KcpHeO tz5f0K i71uhle2_0 wixui-rich-text\" data-testid=\"richTextElement\">\n<h2 class=\"font_2 wixui-rich-text__text\"><span class=\"wixui-rich-text__text\">MARKETING<\/span><\/h2>\n<p class=\"font_7 wixui-rich-text__text\">\n<p class=\"font_7 wixui-rich-text__text\"><span class=\"wixui-rich-text__text\">Ftojm\u00eb Bizneset e suksesshme t\u00eb reklamojn\u00eb Firmat e tyre<\/span><\/p>\n<p class=\"font_7 wixui-rich-text__text\"><a class=\"wixui-rich-text__text\" href=\"mailto:marketing@albradio.ch?subject=Jemi%20t%C3%AB%20interesuar%20p%C3%ABr%20reklam%C3%AB%20n%C3%AB\" target=\"_self\" rel=\"noopener\"><span class=\"wixui-rich-text__text\">marketing@albradio.ch<\/span><\/a><\/p>\n<p class=\"font_7 wixui-rich-text__text\"><span class=\"wixui-rich-text__text\"><span class=\"wixGuard wixui-rich-text__text\">\u200b<\/span><\/span><\/p>\n<\/div>\n<div id=\"i71ui37l\" class=\"i71ui37l aVng1S wixui-horizontal-line\"><\/div>\n<div id=\"i71ui37m\" class=\"KcpHeO tz5f0K i71ui37m wixui-rich-text\" data-testid=\"richTextElement\">\n<h2 class=\"font_2 wixui-rich-text__text\"><span class=\"wixui-rich-text__text\"><span class=\"color_11 wixui-rich-text__text\">REDAKSIA<\/span><\/span><\/h2>\n<p class=\"font_7 wixui-rich-text__text\">\n<p class=\"font_7 wixui-rich-text__text\"><span class=\"wixui-rich-text__text\"><span class=\"color_11 wixui-rich-text__text\">Industriestrasse 9<br class=\"wixui-rich-text__text\" \/>5432 Neuenhof<\/span><br class=\"wixui-rich-text__text\" \/><a class=\"wixui-rich-text__text\" href=\"tel:+41794267152\">+41 79 426 71 52<\/a><\/span><br class=\"wixui-rich-text__text\" \/><span class=\"wixui-rich-text__text\"><a class=\"wixui-rich-text__text\" href=\"tel:+41787061416\">+41 78 706 14 16<\/a><br class=\"wixui-rich-text__text\" \/><br class=\"wixui-rich-text__text\" \/>Prishtin\u00eb<\/span><br class=\"wixui-rich-text__text\" \/><span class=\"wixui-rich-text__text\"><a class=\"wixui-rich-text__text\" href=\"tel:+38344297877\">+383 48 297 877<\/a><\/span><\/p>\n<\/div>\n","protected":false},"excerpt":{"rendered":"<p>MARKETING Ftojm\u00eb Bizneset e suksesshme t\u00eb reklamojn\u00eb Firmat e tyre marketing@albradio.ch \u200b REDAKSIA Industriestrasse 95432 Neuenhof+41 79 426 71 52+41 78 706 14 16Prishtin\u00eb+383 48 [&hellip;] <span class=\"read-more-link\"><a class=\"read-more\" href=\"https:\/\/yesca.st\/albradio\/contact-us\/\">Read More<\/a><\/span><\/p>\n","protected":false},"author":968,"featured_media":0,"parent":0,"menu_order":0,"comment_status":"closed","ping_status":"closed","template":"","meta":{"footnotes":""},"class_list":["post-2718","page","type-page","status-publish","hentry"],"_links":{"self":[{"href":"https:\/\/yesca.st\/albradio\/wp-json\/wp\/v2\/pages\/2718","targetHints":{"allow":["GET"]}}],"collection":[{"href":"https:\/\/yesca.st\/albradio\/wp-json\/wp\/v2\/pages"}],"about":[{"href":"https:\/\/yesca.st\/albradio\/wp-json\/wp\/v2\/types\/page"}],"author":[{"embeddable":true,"href":"https:\/\/yesca.st\/albradio\/wp-json\/wp\/v2\/users\/968"}],"replies":[{"embeddable":true,"href":"https:\/\/yesca.st\/albradio\/wp-json\/wp\/v2\/comments?post=2718"}],"version-history":[{"count":1,"href":"https:\/\/yesca.st\/albradio\/wp-json\/wp\/v2\/pages\/2718\/revisions"}],"predecessor-version":[{"id":2738,"href":"https:\/\/yesca.st\/albradio\/wp-json\/wp\/v2\/pages\/2718\/revisions\/2738"}],"wp:attachment":[{"href":"https:\/\/yesca.st\/albradio\/wp-json\/wp\/v2\/media?parent=2718"}],"curies":[{"name":"wp","href":"https:\/\/api.w.org\/{rel}","templated":true}]}}